d) = d**2 + d - 9. Let i be x(-4). Suppose -62 = -i*s + 64. What are the prime factors of s?
2, 3, 7
Suppose 198 = 4*n + t, -n + 3*t + 31 + 25 = 0. Suppose 3*b = n + 19. What are the prime factors of b?
23
Suppose 0 = 6*v - 1939 + 631. Suppose -3*t + 46 = x, 5*x + t - v = -2*t. What are the prime factors of x?
43
Let m = -332 + 212. Let a = -72 - m. Suppose 0 = -v - v + a. List the prime factors of v.
2, 3
Suppose 0 = 5*n - 3*j - 26664, -209*j = -n - 207*j + 5330. List the prime factors of n.
2, 3, 7, 127
Let d(t) = 10*t - 62. Let z be d(-20). Let i = 398 + z. What are the prime factors of i?
2, 17
Let k = 115 + -115. Let o be ((-4)/6)/(1/(-66)). Suppose k = -2*w - 4*g + o, g + 3 - 27 = -w. What are the prime factors of w?
2, 13
Let j be (-1720)/12*(-6)/4 + 1. Let x = -114 + j. List the prime factors of x.
2, 3, 17
Let c be 8 - 11 - (0 + -13). Let h(y) = 3*y - 11. List the prime factors of h(c).
19
Let h(m) be the second derivative of -7*m**6/360 + m**4/3 + 5*m. Let s(c) be the third derivative of h(c). List the prime factors of s(-4).
2, 7
Let d(q) = -q**2 - 22*q + 35. Let h be d(-20). Let x = -107 + h. Let m = x + 38. List the prime factors of m.
2, 3
Suppose -2217 = -2*a - 3*s, s + 5495 = 5*a - s. List the prime factors of a.
3, 367
Suppose -3*k - 21 - 33 = 0. Let u be 574/(-10) - (-16)/40. Let w = k - u. What are the prime factors of w?
3, 13
Let j(m) = 53*m**2 - 36*m + 1. List the prime factors of j(3).
2, 5, 37
Let b be (-71)/(-7) + (-4 + 6)/(-14). Suppose b*j - 512 = 2*j. What are the prime factors of j?
2
Let x(y) = -y**3 - y**2 + 8*y - 3. Let i be x(-7). Let z be i/20 + 1/4. List the prime factors of z/(-3) + 29*1.
5
Suppose 755 = 6*p - 5*p + 3*i, 5*p - 3727 = i. What are the prime factors of p?
2, 373
Let y(j) = j - 6 - 2*j + 5*j. List the prime factors of y(3).
2, 3
Suppose 0 = -3*f + 6666 - 1632. List the prime factors of f.
2, 839
Suppose -u + 0*b + 2*b + 364 = 0, -2*u - b = -723. Suppose 2*f + 3*f - u = c, 4*c = f - 80. List the prime factors of f.
2, 3
Let j(n) = -6*n + 25. Let p be (2*9/(-4))/(12/16). List the prime factors of j(p).
61
Suppose -i + 6*i - 2*o = 2, 16 = 4*o. Suppose -r = i*r - 171. Let g = r + -41. List the prime factors of g.
2
Suppose 7*d + 3*t = 2*d - 19174, 3*d = 3*t - 11514. List the prime factors of 4/(-22) + d/(-44).
3, 29
Let r be 1628/3 + (-2)/(-6). Suppose 4*f - r = -127. List the prime factors of f.
2, 13
Let f(h) = h**3 - 10*h**2 - 19*h - 3. What are the prime factors of f(14)?
5, 103
Let c(j) be the third derivative of 5*j**2 + 0*j - 1/12*j**4 + 0 + 2/3*j**3. List the prime factors of c(-4).
2, 3
What are the prime factors of ((-20)/12 - -2)*(-24222)/(-11)?
2, 367
Let d(z) = 4*z + 2 + 1 - z + 3. Let h = -77 + 89. List the prime factors of d(h).
2, 3, 7
Suppose -5*p - q = 68, -2*p + 9 = 3*q + 31. What are the prime factors of (7/p)/(2/(-72))?
2, 3
Suppose -5*q = 5*f - 2290, -338 = -5*q - 2*f + 1958. Suppose -q = -71*w + 67*w. What are the prime factors of w?
5, 23
Suppose -4 = 2*s - 14. Suppose -3 - 7 = -s*j. List the prime factors of j/6 + 234/27.
3
Let v be (-4 + 5)/((-2)/14). Let j = 9 + v. What are the prime factors of (25 - 4/j)*1?
23
Let u be (-2)/((8/(-114))/2). Let b = 15 - u. Let s = 68 + b. What are the prime factors of s?
2, 13
Let y = 799 - 419. What are the prime factors of y?
2, 5, 19
Let t(d) = d**2 + 31*d + 54. List the prime factors of t(-40).
2, 3, 23
Suppose 3*g + 65 = 170. List the prime factors of 410/g + (-4)/(-14).
2, 3
Let x(o) = -16*o + 725. What are the prime factors of x(-8)?
853
Let o be 1/(-5) - 33/(-15). Suppose 5*g = -4*w + 402, 0 = w + 2*w - o*g - 290. List the prime factors of 4/6 - w/(-6).
17
Suppose -5*f - 40 = -3*k + 45, 0 = 4*f - 5*k + 81. Let b = f + 10. List the prime factors of (1 - 10)/(2/b).
2, 3
Suppose -10*r + 195 = 105. Let d be -5*(103/(-5) - -1). Suppose r*g - 7*g - d = 0. What are the prime factors of g?
7
Suppose -4*u - 12 = 0, -2*c - 4*u + 2*u + 1188 = 0. What are the prime factors of c?
3, 199
Let w be (4/10)/(2/(-10)). Let m(r) be the third derivative of -7*r**6/120 - r**5/30 + r**4/24 + r**3/6 + 4*r**2 - 8*r. What are the prime factors of m(w)?
47
Let x = -24 - -5. Suppose 0 = -t - 4*t + 145. Let d = x + t. What are the prime factors of d?
2, 5
Suppose -4*n + 2*n + 12 = 0. Suppose 32 + 58 = -9*c. What are the prime factors of (n/c)/1*-35?
3, 7
List the prime factors of (-5 - 624)/(-1) + 3.
2, 79
Suppose 5*d - 18 = 22. Let n be 549 + (-3 + d - 1). What are the prime factors of n/7 - 1*4?
3, 5
Suppose -16*b - 342 = -1638. Suppose -5*q = 5, 4*u - 4*q - 601 = -b. What are the prime factors of u?
3, 43
Suppose 2*j - o - 76 - 47 = 0, 4*j + 5*o = 281. List the prime factors of j.
2
Let k(y) = -y**3 + 19*y**2 + 11*y - 20. List the prime factors of k(18).
2, 251
Let z be (((-3396)/15)/(4/(-20)))/2. Suppose -6*c + 76 + z = 0. List the prime factors of c.
107
List the prime factors of 34/(-27 + 29 + (-132)/67).
17, 67
Let d = 10 - 23. Let p = d + 15. Suppose -p*v - 2*v - k + 49 = 0, 5 = 5*k. List the prime factors of v.
2, 3
Suppose n + 5*h = -n + 784, -5*h = 20. List the prime factors of n.
2, 3, 67
What are the prime factors of (1 + 126/12)/((-3)/(-6))?
23
Suppose 3*y - 312 = -3*y. Let o = y - 40. List the prime factors of o.
2, 3
Suppose 7*m - 963 - 262 = 0. List the prime factors of m.
5, 7
Let u = 1144 + -784. List the prime factors of u.
2, 3, 5
Suppose -v - 2128 = -n, 8869 + 1762 = 5*n + 4*v. What are the prime factors of n?
3, 709
Let p(r) = 16*r + 101. Let o(i) = -5*i - 34. Let n(h) = -17*o(h) - 6*p(h). List the prime factors of n(-11).
3, 31
Suppose -2*n = -11 + 3. Suppose -3*k + n = -2. Suppose 0 = 5*q - 15, c - k*c = -4*q. List the prime factors of c.
2, 3
List the prime factors of (-1*(2 - -1) + -7)*-8.
2, 5
Let k = 2 + 58. Suppose -3*t + 6*t = k. List the prime factors of t.
2, 5
Suppose 11 = t + 6. Suppose -3*x - x = -20. Suppose -5*g + 4*g + x*s = -30, -t*g = s - 20. What are the prime factors of g?
5
Let j = -38 + 36. Suppose 0 = -4*x - 0*x - 4. What are the prime factors of 2 + j + x - -24?
23
Suppose c - 4 = 1. Suppose 7*z - 525 = 4*z + w, -5*z - c*w = -855. Suppose -2*r - r = -z. List the prime factors of r.
2, 29
Suppose 0*x + 5*x + 10 = 0. Let r(d) = 2*d + 1. Let n(q) = 5*q**2 + 12*q + 10. Let j(w) = n(w) - 6*r(w). List the prime factors of j(x).
2, 3
Let p = 3314 - -356. What are the prime factors of p?
2, 5, 367
Suppose 15020 = 125*h - 115*h. What are the prime factors of h?
2, 751
Suppose -11*x + 4104 = 7*x. What are the prime factors of x?
2, 3, 19
Suppose 0 = 3*j + 33 + 72. List the prime factors of ((-42)/j)/(2/45).
3
Let o(c) = 5*c**2 - c. Let j be o(1). What are the prime factors of (-4)/j*-31 + -1?
2, 3, 5
Suppose 0 = -s + 90 + 47. Suppose 0 = -3*l - 4*w + 142, -3*l + s = 6*w - w. What are the prime factors of l?
2, 3
Let b(m) = -m + 8. Let y be b(5). Let q(t) = -t**3 + 2*t**2 + 3*t - 2. Let j be q(y). List the prime factors of (-28)/(-1 - (3 + j)).
2, 7
Suppose -q + 991 = 163. List the prime factors of q.
2, 3, 23
Suppose 22 = 2*i - 2*y, -2*y + 6*y = i - 8. Let a be (46/(-3))/((-2)/i). Suppose -g - 3*g = -a. List the prime factors of g.
23
Suppose 453*w = 464*w - 5929. What are the prime factors of w?
7, 11
Let y be (-2)/(0 + (-3)/6). Suppose 1 + 7 = y*k. List the prime factors of (8/24)/(k/54).
3
Let u = -65 - -22. Let i(b) = 2*b**3 + 5*b**2 - 5*b. Let y be i(-4). Let f = y - u. List the prime factors of f.
3, 5
Let z be 1*(-4)/(-12) + 33/9. Suppose z*t - 149 = 191. What are the prime factors of t?
5, 17
Let h(a) = 19*a + 26. Let y be h(-4). Let b = 113 + y. What are the prime factors of b?
3, 7
Suppose 5*x + 3*z - 522 = 0, -2*x + 3*x - 98 = z. What are the prime factors of x?
2, 3, 17
Suppose y + 8*q - 176 = 4*q, -y = -4*q - 176. Suppose 5*f - y = v - 0*v, 5*f = -v + 184. List the prime factors of f.
2, 3
Let o(l) = -3*l - 6. Let k be o(-3). Suppose -k*b - 43 = -i, -2*b - 142 = -4*i + 70. Let w = i - 38. What are the prime factors of w?
17
Suppose -20 = -4*x, 3*x = -2*j - 0*x - 269. Let i = j - -205. List the prime factors of i.
3, 7
Let n(v) = 22*v**2 + 1. Let r be n(2). Let w(x) = -2*x**3 - 31*x**2 + 20*x. Let o be w(-16). Let s = r + o. What are the prime factors of s?
5
Let d be 45/(-15) - 14/(-2). Suppose d*s + 39 = 